ions digit of 109573517?
9
What is the hundred thousands digit of 2869940565?
9
What is the hundreds digit of 207245400?
4
What is the ten thousands digit of 42616478?
1
What is the hundreds digit of 277320385?
3
What is the hundred millions digit of 112333488?
1
What is the ten thousands digit of 375062096?
6
What is the ten millions digit of 192254049?
9
What is the billions digit of 1021829351?
1
What is the ten thousands digit of 723367343?
6
What is the units digit of 83240999?
9
What is the millions digit of 141667207?
1
What is the thousands digit of 348239163?
9
What is the hundred millions digit of 1112959225?
1
What is the hundred millions digit of 328108512?
3
What is the thousands digit of 12643391?
3
What is the tens digit of 32951896?
9
What is the millions digit of 131424670?
1
What is the units digit of 7526195?
5
What is the units digit of 484742?
2
What is the billions digit of 5918442057?
5
What is the thousands digit of 237766042?
6
What is the ten millions digit of 68870539?
6
What is the millions digit of 763779076?
3
What is the millions digit of 40769794?
0
What is the units digit of 144665207?
7
What is the tens digit of 78724059?
5
What is the millions digit of 42398957?
2
What is the units digit of 826656020?
0
What is the hundreds digit of 848779679?
6
What is the tens digit of 523820279?
7
What is the hundred millions digit of 332854943?
3
What is the ten thousands digit of 2600511955?
1
What is the tens digit of 3660600?
0
What is the thousands digit of 4909102652?
2
What is the millions digit of 283050080?
3
What is the units digit of 36604475?
5
What is the hundred millions digit of 629845461?
6
What is the thousands digit of 138521422?
1
What is the thousands digit of 2480806235?
6
What is the hundred millions digit of 559969125?
5
What is the ten millions digit of 4648770443?
4
What is the units digit of 243848416?
6
What is the units digit of 323588434?
4
What is the hundreds digit of 18743926?
9
What is the tens digit of 1799131623?
2
What is the hundred thousands digit of 154152301?
1
What is the hundred thousands digit of 3771009?
7
What is the tens digit of 121529280?
8
What is the billions digit of 1011527977?
1
What is the ten millions digit of 976372212?
7
What is the thousands digit of 7997761?
7
What is the millions digit of 198144509?
8
What is the units digit of 123267092?
2
What is the ten millions digit of 2111604312?
1
What is the units digit of 7558693271?
1
What is the millions digit of 309150526?
9
What is the hundred millions digit of 193864042?
1
What is the thousands digit of 440860926?
0
What is the millions digit of 287508214?
7
What is the ten millions digit of 27447010?
2
What is the units digit of 31514007?
7
What is the billions digit of 4260523476?
4
What is the units digit of 394686619?
9
What is the tens digit of 854930632?
3
What is the tens digit of 187019224?
2
What is the hundred millions digit of 349563424?
3
What is the millions digit of 197004235?
7
What is the hundred thousands digit of 5355258734?
2
What is the billions digit of 7540871994?
7
What is the hundreds digit of 605738453?
4
What is the billions digit of 1384434184?
1
What is the millions digit of 234083931?
4
What is the hundred millions digit of 2478804914?
4
What is the units digit of 186022622?
2
What is the ten thousands digit of 267458355?
5
What is the billions digit of 1078912325?
1
What is the millions digit of 1712122984?
2
What is the tens digit of 22345075?
7
What is the hundred millions digit of 1667592921?
6
What is the thousands digit of 54503293?
3
What is the tens digit of 125452919?
1
What is the hundreds digit of 375459062?
0
What is the ten millions digit of 342619272?
4
What is the hundred thousands digit of 710846212?
8
What is the ten millions digit of 171678925?
7
What is the hundreds digit of 39909293?
2
What is the ten millions digit of 629736072?
2
What is the thousands digit of 727884094?
4
What is the hundreds digit of 24626267?
2
What is the hundreds digit of 583186774?
7
What is the billions digit of 5276832690?
5
What is the tens digit of 49107333?
3
What is the thousands digit of 3703353676?
3
What is the ten thousands digit of 103939484?
3
What is the hundred thousands digit of 1833398398?
3
What is the tens digit of 52065836?
3
What is the ten millions digit of 3371037198?
7
What is the hundred millions digit of 237781728?
2
What is the ten millions digit of 187532054?
8
What is the hundreds digit of 96451202?
2
What is the hundreds digit of 1513487476?
4
What is the billions digit of 3642389953?
3
What is the millions digit of 145320021?
5
What is the ten thousands digit of 1392699400?
9
What is the tens digit of 161507489?
8
What is the tens digit of 189934890?
9
What is the tens digit of 2180413070?
7
What is the hundred thousands digit of 372910804?
9
What is the tens digit of 820469091?
9
What is the units digit of 16962383?
3
What is the ten thousands digit of 46846622?
4
What is the ten thousands digit of 129485731?
8
What is the millions digit of 103440880?
3
What is the ten thousands digit of 103999748?
9
What is the ten thousands digit of 620041164?
4
What is the ten millions digit of 56956362?
5
What is the ten thousands digit of 197006253?
0
What is the hundred thousands digit of 5663042993?
0
What is the units digit of 991285222?
2
What is the hundreds digit of 56415903?
9
What is the billions digit of 4490064965?
4
What is the millions digit of 1152632420?
2
What is the units digit of 51633705?
5
What is the tens digit of 790575335?
3
What is the hundred thousands digit of 13655554?
6
What is the hundred thousands digit of 60716960?
7
What is the tens digit of 837252152?
5
What is the ten millions digit of 1735198509?
3
What is the millions digit of 44391546?
4
What is the ten millions digit of 24203494?
2
What is the tens digit of 290617514?
1
What is the units digit of 959146585?
5
What is the ten thousands digit of 69060996?
6
What is the hundred millions digit of 2813490149?
8
What is the units digit of 60341725?
5
What is the ten millions digit of 267624277?
6
What is the units digit of 129799745?
5
What is the ten millions digit of 1369178115?
6
What is the ten thousands digit of 23722453?
2
What is the units digit of 61825676?
6
What is the hundred thousands digit of 198212333?
2
What is the billions digit of 1595458420?
1
What is the hundreds digit of 276652927?
9
What is the ten millions digit of 8419324447?
1
What is the millions digit of 68586023?
8
What is the hundred thousands digit of 738406654?
4
What is the units digit of 153729786?
6
What is the thousands digit of 852656504?
6
What is the thousands digit of 468054431?
4
What is the units digit of 21514976?
6
What is the hundred thousands digit of 2097642626?
6
What is the hundreds digit of 551637568?
5
What is the ten millions digit of 168963553?
6
What is the ten millions digit of 192350779?
9
What is the millions digit of 262163124?
2
What is the ten millions digit of 10688569?
1
What is the units digit of 297886372?
2
What is the thousands digit of 87767532?
7
What is the thousands digit of 120825092?
5
What is the millions digit of 22739487?
2
What is the billions digit of 6740409239?
6
What is the units digit of 957383264?
4
What is the hundred millions digit of 6546154072?
5
What is the millions digit of 1244908001?
4
What is the tens digit of 55703068?
6
What is the units digit of 304491605?
5
What is the hundreds digit of 738507827?
8
What is the units digit of 98650435?
5
What is the ten thousands digit of 639937777?
3
What is the thousands digit of 538371382?
1
What is the hundreds digit of 233818151?
1
What is the hundred thousands digit of 727143622?
1
What is the tens digit of 44866156?
5
What is the units digit of 60480702?
2
What is the ten millions digit of 41600641?
4
What is the hundreds digit of 43926379?
3
What is the thousands digit of 76932670?
2
What is the units digit of 2807184421?
1
What is the hundreds digit of 265327347?
3
What is the tens digit of 1631998610?
1
What is the hundreds digit of 1887624171?
1
What is the units digit of 13529433?
3
What is the hundreds digit of 1160744735?
7
What is the hundred millions digit of 216442129?
2
What is the hundreds digit o